ose -b - 6*b = -b. Let v be (-1)/(1 - 3)*10. Suppose 5*g + 11 = 4*t - t, -5*t + v*g + 25 = b. What is the units digit of t?
7
Let s be (-6)/57 + (-224)/38. What is the tens digit of (0 - s)*21/9?
1
Let y = -582 + 1129. What is the hundreds digit of y?
5
Let d = -30 + 1. Let n be d - 2*(-1 + 0). Let q = n - -47. What is the units digit of q?
0
Let q = -375 - -1576. What is the hundreds digit of q?
2
Let d = 4 - 2. Suppose 0 = c - 4*k - 10, 0*c - d*c + 5*k = -32. What is the units digit of c?
6
Let b(p) = -25*p - 4. Let w be b(3). Let o = w + 131. What is the units digit of o?
2
Suppose -6 - 4 = 5*v, 5*o = -5*v - 440. Let d = 162 + o. What is the units digit of d?
6
Suppose 62*y = 72*y - 34230. What is the hundreds digit of y?
4
Let z(p) be the third derivative of -7*p**4/8 + p**3/3 - 5*p**2. Let l be z(-2). Suppose 0 = 3*m + m - l. What is the tens digit of m?
1
Let q be ((-531)/(-12))/((-3)/(-8)). Suppose -2*t + q - 24 = 0. What is the units digit of t?
7
Let k(m) be the third derivative of 0*m - 7/6*m**3 + 1/8*m**4 + 0 + 1/30*m**5 + 8*m**2. What is the tens digit of k(-5)?
2
Let p be 2*(-9)/6 - 11. Let g = p - -18. Suppose -3*z - 8 = -g*z. What is the units digit of z?
8
Let l(z) be the second derivative of -7*z**3/6 - 7*z**2/2 - 2*z. Let i(y) = y**3 - 6*y**2 - y + 3. Let x be i(6). What is the tens digit of l(x)?
1
Let l = 4073 - 1433. What is the hundreds digit of l?
6
Let a(q) be the first derivative of 2*q**3/3 - 3*q**2/2 + 10*q - 9. What is the units digit of a(4)?
0
Suppose -11*j = -5*j - 996. Let s = j + -152. What is the units digit of s?
4
Let w be (-2)/6 - (-482)/6. Let v be -3*(-22)/429 + (-518)/(-13). Suppose -m = 4*r - v, -2*m - r = -6*r - w. What is the units digit of m?
0
Suppose -2*r - 27 = b, 2*b + 66 = -5*r - 0*b. Let p be (-27)/36 - 57/r. Suppose p*v = 6*v - 52. What is the units digit of v?
6
Let m(y) = -38*y + 9. What is the units digit of m(-9)?
1
Suppose 0 = -3*q - 2*q - 40. Suppose -d + 6 - 7 = 0. Let z = d - q. What is the units digit of z?
7
Suppose 0 = -2*z - 5*o - 61 + 186, -z + 70 = -5*o. Suppose -5*m - 25 = 0, -m = 5*w - 6*m + z. Let c = 43 + w. What is the units digit of c?
5
Suppose 3*m + 4*c + 25 = 0, -19 = 4*m - c + 8. Let z = 2 - m. What is the tens digit of z/3*(-44)/(-6)?
2
Let u(i) = 4*i + 9. Let l be u(-1). Suppose -l*g + 4*j + 525 = 0, -5*g + 2*j + 773 = 238. What is the hundreds digit of g?
1
Let o(g) = 3*g**2 + 11*g - 24. Let v be o(-11). Suppose -5*a + k - v + 606 = 0, -3*a - 5*k = -244. What is the units digit of a?
8
Let a = 25 - 8. Let y(i) = i**2 + 41*i + 150. Let n be y(-37). Suppose -127 = -5*z - 4*b, -n*z + z - 5*b = -a. What is the tens digit of z?
2
Let b(s) = 2303*s - 19. What is the thousands digit of b(1)?
2
Let l = 3261 + -2035. What is the tens digit of l?
2
Let t(o) = -11*o**3 + 2*o + 1. Suppose 3*b + 28 = 22. What is the units digit of t(b)?
5
Let k = 3713 - 1721. What is the tens digit of k?
9
Let w(x) = x**3 - 10*x**2 + 10*x + 3. Let h be w(8). Let t = h + 37. What is the units digit of (-396)/t + (-2)/4?
9
Let s = -3427 + 6279. What is the thousands digit of s?
2
Let g(b) = b**3 - 5*b**2 - 5*b + 2. Let f be g(6). Suppose 0 = z + f*v - 4*v - 19, -5*z + 95 = 3*v. What is the units digit of z?
9
Let m = -9 - 2. Let w(a) = a**3 + 10*a**2 - 11*a. Let i be w(m). Suppose i = -5*x + 71 + 149. What is the tens digit of x?
4
Let c be -1*(-3 + -2 + 9) + 9. Suppose -2*x + 3*x - 94 = c*f, 0 = x + f - 106. What is the hundreds digit of x?
1
Let b = 33 + -39. Let r(w) = -w**2 - w. Let p be r(-4). Let o = b - p. What is the units digit of o?
6
Suppose 2*b = 3*i + 8, 5*b + 4*i - 41 = i. Suppose -b = -4*z + 3*z. What is the units digit of z?
7
Let y = 4650 + -2260. What is the units digit of y?
0
Let j = 6 + -10. Let q be j - -6 - (-103 - -1). Suppose -2*s - 2*s = -q. What is the units digit of s?
6
Suppose o + 1 = -1. What is the units digit of (o/3)/((104/60)/(-13))?
5
Let q = 5 + -11. Let k be (-9)/q + 6/(-4). Suppose -w - 5 = k, 0 = -4*g - 5*w - 11 + 34. What is the units digit of g?
2
What is the units digit of 3929/11 + (-26)/143?
7
Let y(u) be the third derivative of u**6/120 - 7*u**5/60 - 5*u**4/12 + u**3 - u**2. Let j be y(8). Let g = j - -13. What is the units digit of g?
3
Let n(r) = -r**3 + 5*r**2 - 2*r - 1. Let c be n(4). Suppose -c*i + 13*i = 852. What is the hundreds digit of i?
1
Let n(f) = 87*f - 31. What is the hundreds digit of n(8)?
6
Suppose 0 = n + 3 - 0. What is the units digit of 21*(n + (-39)/(-7))?
4
Let n = -1 - -4. Suppose -2*g = -n*g + 27. What is the units digit of g?
7
Let x(v) = -42*v - 198. What is the units digit of x(-24)?
0
Suppose 8*j - 32*j + 8952 = 0. What is the units digit of j?
3
Suppose -4*w - 5698 - 2460 = -5*n, 2*w = -2*n + 3256. What is the units digit of n?
0
Let h be (33/22)/((-3)/16). What is the units digit of 975/60*h/(-2)?
5
Let o = 38 - -9. Suppose 4*r + 3*b = o + 135, -2*b = 5*r - 224. What is the units digit of r?
4
Let c(h) = -h**3 + 7*h**2 + 11*h - 9. Let j = -7 - -14. Let r be c(j). Let s = 151 - r. What is the tens digit of s?
8
Let x(t) = 169*t - 43. What is the hundreds digit of x(6)?
9
What is the hundreds digit of (-65)/(-4 - 1)*(173 - -8)?
3
Let j = -7 - -10. Suppose j*l = 6*l - 123. Suppose -l = -2*r - 3*c + 36, 133 = 4*r - c. What is the units digit of r?
4
Let n(p) = -p**3 + p + 188. Let o = 1 + -1. Let y be n(o). Suppose -6*l = -2*l - y. What is the tens digit of l?
4
Let a(c) = -161*c + 194. What is the hundreds digit of a(-32)?
3
Suppose -t + 4*r - r + 19 = 0, -2*t = -2*r - 18. What is the tens digit of -2 - (6/(-3) - t)*8?
4
Let k(z) = -8*z**3 - 12*z**2 - 14*z - 1. What is the hundreds digit of k(-3)?
1
Let h be (-2)/3 + (-2)/(-3). Suppose h*b + 4*b - 124 = 0. Let z = -9 + b. What is the units digit of z?
2
What is the hundreds digit of (-26140)/(-40) - (-3)/2?
6
Let f(t) be the second derivative of -5*t**3/2 + 25*t**2/2 - 23*t. What is the tens digit of f(-12)?
0
Suppose 4*q = 17 - 5. Suppose -4*k = -c + 6*c - 37, 9 = q*k. Suppose 6*r - 48 = 3*r - 3*p, c*p - 56 = -3*r. What is the units digit of r?
2
Let t(n) = 2*n**2 - 2*n. Let s be t(3). Suppose -50 = -a - s. Suppose r - a = -r. What is the units digit of r?
9
Let t(u) = -56*u - 24. Let l(v) = -19*v - 8. Let r(y) = 17*l(y) - 6*t(y). What is the tens digit of r(4)?
6
Let x(i) = 3*i + 10. Let k be x(-5). Let a(z) = 18 - 4*z - 3*z**3 + 2*z**3 - 17 - 5*z**2. What is the tens digit of a(k)?
2
Let v = -51 + 86. Suppose -3 + v = 4*q. Let u = q - -8. What is the units digit of u?
6
Suppose -4*i + 236 = -5*m, m + 3*i = -70 + 19. Let z = m + 76. What is the units digit of z?
8
Let r(i) = 4*i**2 + i + 1. Let d be r(-2). Suppose 5*u + 2*m = 39, u + 6*m = 2*m + d. What is the units digit of u?
7
Suppose 2 - 12 = -2*u. Suppose -4*h - u*w + 221 = 0, -2*h - 2*w + 157 = h. What is the tens digit of h?
4
Suppose 71683 = 29*x + 22586. What is the thousands digit of x?
1
Suppose -65*j + 51675 + 99905 = 0. What is the hundreds digit of j?
3
Let y be (7/70)/((-1)/4)*-10. Suppose 0 = y*j - j - 447. What is the hundreds digit of j?
1
Let m(j) = -3*j + 47. Let a be m(14). Suppose -3*v + 198 + 89 = -a*i, -v + 4*i + 91 = 0. What is the units digit of v?
9
Let k = -18 - -33. Let v = k - 18. What is the units digit of -1 + 1/v*-21?
6
Let f(u) = 85*u - 796. What is the units digit of f(33)?
9
Let k(m) = 22*m - 7. What is the hundreds digit of k(25)?
5
Let l = -6 + 18. Let m = 14 - 10. Suppose l = m*n + 2*o + 2, 0 = 2*o - 6. What is the units digit of n?
1
Suppose 52 = g - 4*g + 5*f, -3*f = -g - 24. Let s = 40 - g. What is the tens digit of s?
4
Let c = -630 + 723. What is the units digit of c?
3
Let v = 17 - 59. Let x = 50 + v. What is the units digit of x?
8
Suppose -f - 5*y = -167, -13*f = -12*f - 4*y - 203. What is the hundreds digit of f?
1
Suppose 2 = 5*u + 37. Let j = u - -10. Suppose t - 2*g + 0*g = 4, j = g. What is the tens digit of t?
1
Suppose 4*r - 25 = 31. Let b(w) = w**3 - 14*w**2 + 4*w - 17. What is the units digit of b(r)?
9
Let b(k) = 2*k**2. Let f be b(1). Let v(o) = 3*o - 3. What is the units digit of v(f)?
3
Let y(j) = 54*j**2 + 2. What is the thousands digit of y(-8)?
3
Suppose -7*x = -4*x - 342. Suppose 0 = 4*o + x - 354. Suppose 0*h = 4*h - o. What is the units digit of h?
5
Sup